{"version":"1.0","provider_name":"Caroline Rochon","provider_url":"https:\/\/carolinerochon.com\/fr\/","title":"Gestion de temps et des priorit\u00e9s - une nouvelle perspective &#8211; Caroline Rochon","type":"rich","width":600,"height":338,"html":"<blockquote class=\"wp-embedded-content\" data-secret=\"W7i4oob5I6\"><a href=\"https:\/\/carolinerochon.com\/fr\/produit\/new-perspective-on-time-priority-management\/\">Gestion de temps et des priorit\u00e9s &#8211; une nouvelle perspective<\/a><\/blockquote><iframe sandbox=\"allow-scripts\" security=\"restricted\" src=\"https:\/\/carolinerochon.com\/fr\/produit\/new-perspective-on-time-priority-management\/embed\/#?secret=W7i4oob5I6\" width=\"600\" height=\"338\" title=\"\u00ab\u00a0Gestion de temps et des priorit\u00e9s &#8211; une nouvelle perspective\u00a0\u00bb &#8212; Caroline Rochon\" data-secret=\"W7i4oob5I6\" frameborder=\"0\" marginwidth=\"0\" marginheight=\"0\" scrolling=\"no\" class=\"wp-embedded-content\"><\/iframe><script type=\"text\/javascript\">\n\/* <![CDATA[ *\/\n\/*! This file is auto-generated *\/\n!function(d,l){\"use strict\";l.querySelector&&d.addEventListener&&\"undefined\"!=typeof URL&&(d.wp=d.wp||{},d.wp.receiveEmbedMessage||(d.wp.receiveEmbedMessage=function(e){var t=e.data;if((t||t.secret||t.message||t.value)&&!\/[^a-zA-Z0-9]\/.test(t.secret)){for(var s,r,n,a=l.querySelectorAll('iframe[data-secret=\"'+t.secret+'\"]'),o=l.querySelectorAll('blockquote[data-secret=\"'+t.secret+'\"]'),c=new RegExp(\"^https?:$\",\"i\"),i=0;i<o.length;i++)o[i].style.display=\"none\";for(i=0;i<a.length;i++)s=a[i],e.source===s.contentWindow&&(s.removeAttribute(\"style\"),\"height\"===t.message?(1e3<(r=parseInt(t.value,10))?r=1e3:~~r<200&&(r=200),s.height=r):\"link\"===t.message&&(r=new URL(s.getAttribute(\"src\")),n=new URL(t.value),c.test(n.protocol))&&n.host===r.host&&l.activeElement===s&&(d.top.location.href=t.value))}},d.addEventListener(\"message\",d.wp.receiveEmbedMessage,!1),l.addEventListener(\"DOMContentLoaded\",function(){for(var e,t,s=l.querySelectorAll(\"iframe.wp-embedded-content\"),r=0;r<s.length;r++)(t=(e=s[r]).getAttribute(\"data-secret\"))||(t=Math.random().toString(36).substring(2,12),e.src+=\"#?secret=\"+t,e.setAttribute(\"data-secret\",t)),e.contentWindow.postMessage({message:\"ready\",secret:t},\"*\")},!1)))}(window,document);\n\/* ]]> *\/\n<\/script>\n","thumbnail_url":"https:\/\/carolinerochon.com\/wp-content\/uploads\/2021\/03\/Caroline-ROchon_par_Teixeira-Photographie-236-2.jpg","thumbnail_width":1722,"thumbnail_height":1722,"description":"Malgr\u00e9 toutes nos listes et tous nos outils \u00e9lectroniques qui sont cens\u00e9s nous simplifier et faciliter notre vie, pourquoi tant de gens ont-ils de la difficult\u00e9 \u00e0 g\u00e9rer leur temps? Assistez \u00e0 cet atelier dynamique o\u00f9 Caroline vous fait part de sa nouvelle perspective sur la gestion de temps et de priorit\u00e9s. G\u00e9rer soi-m\u00eame plus [&hellip;]"}

Gestion de temps et des priorités - une nouvelle perspective &#8211; Caroline Rochon

<blockquote class="wp-embedded-content" data-secret="W7i4oob5I6"><a href="https://carolinerochon.com/fr/produit/new-perspective-on-time-priority-management/">Gestion de temps et des priorités &#8211; une nouvelle perspective</a></blockquote><iframe sandbox="allow-scripts" security="restricted" src="https://carolinerochon.com/fr/produit/new-perspective-on-time-priority-management/embed/#?secret=W7i4oob5I6" width="600" height="338" title="« Gestion de temps et des priorités &#8211; une nouvelle perspective » &#8212; Caroline Rochon" data-secret="W7i4oob5I6" frameborder="0" marginwidth="0" marginheight="0" scrolling="no" class="wp-embedded-content"></iframe><script type="text/javascript">
/* <![CDATA[ */
/*! This file is auto-generated */
!function(d,l){"use strict";l.querySelector&&d.addEventListener&&"undefined"!=typeof URL&&(d.wp=d.wp||{},d.wp.receiveEmbedMessage||(d.wp.receiveEmbedMessage=function(e){var t=e.data;if((t||t.secret||t.message||t.value)&&!/[^a-zA-Z0-9]/.test(t.secret)){for(var s,r,n,a=l.querySelectorAll('iframe[data-secret="'+t.secret+'"]'),o=l.querySelectorAll('blockquote[data-secret="'+t.secret+'"]'),c=new RegExp("^https?:$","i"),i=0;i<o.length;i++)o[i].style.display="none";for(i=0;i<a.length;i++)s=a[i],e.source===s.contentWindow&&(s.removeAttribute("style"),"height"===t.message?(1e3<(r=parseInt(t.value,10))?r=1e3:~~r<200&&(r=200),s.height=r):"link"===t.message&&(r=new URL(s.getAttribute("src")),n=new URL(t.value),c.test(n.protocol))&&n.host===r.host&&l.activeElement===s&&(d.top.location.href=t.value))}},d.addEventListener("message",d.wp.receiveEmbedMessage,!1),l.addEventListener("DOMContentLoaded",function(){for(var e,t,s=l.querySelectorAll("iframe.wp-embedded-content"),r=0;r<s.length;r++)(t=(e=s[r]).getAttribute("data-secret"))||(t=Math.random().toString(36).substring(2,12),e.src+="#?secret="+t,e.setAttribute("data-secret",t)),e.contentWindow.postMessage({message:"ready",secret:t},"*")},!1)))}(window,document);
/* ]]> */
</script>

Malgré toutes nos listes et tous nos outils électroniques qui sont censés nous simplifier et faciliter notre vie, pourquoi tant de gens ont-ils de la difficulté à gérer leur temps? Assistez à cet atelier dynamique où Caroline vous fait part de sa nouvelle perspective sur la gestion de temps et de priorités. Gérer soi-même plus [&hellip;]
